{"id":1175,"date":"2019-12-02T11:23:40","date_gmt":"2019-12-02T11:23:40","guid":{"rendered":"https:\/\/abn1.ch\/?page_id=1175"},"modified":"2020-06-09T13:33:24","modified_gmt":"2020-06-09T13:33:24","slug":"daniel-dennler","status":"publish","type":"page","link":"https:\/\/abn1.ch\/index.php\/daniel-dennler\/","title":{"rendered":"Daniel Dennler"},"content":{"rendered":"<section class=\"l-section wpb_row us_custom_d2199d32 height_auto\"><div class=\"l-section-h i-cf\"><div class=\"g-cols vc_row via_flex valign_top type_default stacking_default\"><div class=\"vc_col-sm-12 wpb_column vc_column_container\"><div class=\"vc_column-inner\"><div class=\"wpb_wrapper\"><div class=\"w-image align_none\"><div class=\"w-image-h\"><img decoding=\"async\" width=\"200\" height=\"250\" src=\"https:\/\/abn1.ch\/wp-content\/uploads\/2015\/08\/portrait_daniel_dennler1.jpg\" class=\"attachment-large size-large\" alt=\"\" loading=\"lazy\" srcset=\"https:\/\/abn1.ch\/wp-content\/uploads\/2015\/08\/portrait_daniel_dennler1.jpg 200w, https:\/\/abn1.ch\/wp-content\/uploads\/2015\/08\/portrait_daniel_dennler1-150x188.jpg 150w\" sizes=\"auto, (max-width: 200px) 100vw, 200px\" \/><\/div><\/div>[vc_custom_heading text=&#8220;Daniel Dennler&#8220; use_theme_fonts=&#8220;yes&#8220;]<\/div><\/div><\/div><\/div><\/div><\/section><section class=\"l-section wpb_row height_small with_shape\"><div class=\"l-section-shape type_wave pos_bottom\" style=\"height:10vh;color:#82b4d7\"><svg xmlns=\"http:\/\/www.w3.org\/2000\/svg\" viewBox=\"0 4 64 4\" preserveAspectRatio=\"none\" width=\"100%\" height=\"100%\">\r\n\t<path fill=\"currentColor\" d=\"M64 6 C32 0 32 12 0 6 L0 8 L64 8 Z\"\/>\r\n<\/svg><\/div><div class=\"l-section-h i-cf\"><div class=\"g-cols vc_row via_flex valign_top type_default stacking_default\"><div class=\"vc_col-sm-12 wpb_column vc_column_container\"><div class=\"vc_column-inner\"><div class=\"wpb_wrapper\"><div class=\"w-image align_none\"><a title=\"www.dogit.ch\/\" target=\" _blank\" rel=\"nofollow\" href=\"http:\/\/www.dogit.ch\/\" aria-label=\"Logo_dogit\" class=\"w-image-h\"><img decoding=\"async\" width=\"160\" height=\"90\" src=\"https:\/\/abn1.ch\/wp-content\/uploads\/2015\/08\/Logo_dogit.jpg\" class=\"attachment-full size-full\" alt=\"\" loading=\"lazy\" \/><\/a><\/div><\/div><\/div><\/div><\/div><\/div><\/section><section class=\"l-section wpb_row height_small\"><div class=\"l-section-h i-cf\"><div class=\"g-cols vc_row via_flex valign_top type_default stacking_default\"><div class=\"vc_col-sm-3 wpb_column vc_column_container\"><div class=\"vc_column-inner\"><div class=\"wpb_wrapper\">[vc_custom_heading text=&#8220;Adresse&#8220; use_theme_fonts=&#8220;yes&#8220;]<\/div><\/div><\/div><div class=\"vc_col-sm-9 wpb_column vc_column_container\"><div class=\"vc_column-inner\"><div class=\"wpb_wrapper\"><div class=\"wpb_text_column\"><div class=\"wpb_wrapper\"><p>Daniel Dennler<br \/>\nPanoramaweg 4<br \/>\n5616 Meisterschwanden<\/p>\n<\/div><\/div><\/div><\/div><\/div><\/div><\/div><\/section><section class=\"l-section wpb_row height_small\"><div class=\"l-section-h i-cf\"><div class=\"g-cols vc_row via_flex valign_top type_default stacking_default\"><div class=\"vc_col-sm-3 wpb_column vc_column_container\"><div class=\"vc_column-inner\"><div class=\"wpb_wrapper\">[vc_custom_heading text=&#8220;Kontaktdaten&#8220; use_theme_fonts=&#8220;yes&#8220;]<\/div><\/div><\/div><div class=\"vc_col-sm-9 wpb_column vc_column_container\"><div class=\"vc_column-inner\"><div class=\"wpb_wrapper\"><div class=\"wpb_text_column\"><div class=\"wpb_wrapper\"><p>+41 56 552 02 25<br \/>\n+41 56 552 02 29 (Fax)<br \/>\n+41 79 334 63 94<\/p>\n<p><a href=\"mailto:daniel.dennler@dogit.ch\">daniel.dennler@dogit.ch<br \/>\n<\/a><a href=\"http:\/\/www.dogit.ch\/\" target=\"_blank\" rel=\"noopener noreferrer\">www.dogit.ch<\/a><\/p>\n<\/div><\/div><\/div><\/div><\/div><\/div><\/div><\/section><section class=\"l-section wpb_row height_small\"><div class=\"l-section-h i-cf\"><div class=\"g-cols vc_row via_flex valign_top type_default stacking_default\"><div class=\"vc_col-sm-3 wpb_column vc_column_container\"><div class=\"vc_column-inner\"><div class=\"wpb_wrapper\">[vc_custom_heading text=&#8220;Dienstleistungen&#8220; use_theme_fonts=&#8220;yes&#8220;]<\/div><\/div><\/div><div class=\"vc_col-sm-9 wpb_column vc_column_container\"><div class=\"vc_column-inner\"><div class=\"wpb_wrapper\"><div class=\"wpb_text_column\"><div class=\"wpb_wrapper\"><h4><b>F\u00fcr Firmen<\/b><\/h4>\n<ul>\n<li>IT Support und Implementation von Back-up und Webl\u00f6sungen, Dokumenten Management Systemen, Beschaffung und Installation von Hardware.<\/li>\n<li>Prozessmanagement mit Prozessanalysen, -redesign, Anpassungen der IT Umgebung an neue Prozesse, Dokumentation, Implementierung und Schulung neuer Prozesse.<\/li>\n<\/ul>\n<h4><b>F\u00fcr Zuhause<\/b><\/h4>\n<ul>\n<li>IT Support f\u00fcr Privatpersonen vor Ort oder via Fernwartung, Einrichten von Komplettl\u00f6sungen (Telefonie, Web, Datenspeicher, PC, Notebook), Beschaffung und Installation von Hardware, Webauftritt f\u00fcr Einzelunternehmen.<\/li>\n<\/ul>\n<\/div><\/div><\/div><\/div><\/div><\/div><\/div><\/section>\n","protected":false},"excerpt":{"rendered":"[vc_custom_heading text=\"Daniel Dennler\" use_theme_fonts=\"yes\"] [vc_custom_heading text=\"Adresse\" use_theme_fonts=\"yes\"]Daniel Dennler Panoramaweg 4 5616 Meisterschwanden [vc_custom_heading text=\"Kontaktdaten\" use_theme_fonts=\"yes\"]+41 56 552 02 25 +41 56 552 02 29 (Fax) +41 79 334 63 94 daniel.dennler@dogit.ch www.dogit.ch [vc_custom_heading text=\"Dienstleistungen\" use_theme_fonts=\"yes\"]F\u00fcr Firmen IT Support und Implementation von Back-up und Webl\u00f6sungen, Dokumenten Management Systemen, Beschaffung und Installation von Hardware. Prozessmanagement mit Prozessanalysen,...","protected":false},"author":2,"featured_media":744,"parent":0,"menu_order":0,"comment_status":"closed","ping_status":"closed","template":"","meta":{"footnotes":""},"class_list":["post-1175","page","type-page","status-publish","has-post-thumbnail","hentry"],"_links":{"self":[{"href":"https:\/\/abn1.ch\/index.php\/wp-json\/wp\/v2\/pages\/1175","targetHints":{"allow":["GET"]}}],"collection":[{"href":"https:\/\/abn1.ch\/index.php\/wp-json\/wp\/v2\/pages"}],"about":[{"href":"https:\/\/abn1.ch\/index.php\/wp-json\/wp\/v2\/types\/page"}],"author":[{"embeddable":true,"href":"https:\/\/abn1.ch\/index.php\/wp-json\/wp\/v2\/users\/2"}],"replies":[{"embeddable":true,"href":"https:\/\/abn1.ch\/index.php\/wp-json\/wp\/v2\/comments?post=1175"}],"version-history":[{"count":3,"href":"https:\/\/abn1.ch\/index.php\/wp-json\/wp\/v2\/pages\/1175\/revisions"}],"predecessor-version":[{"id":1415,"href":"https:\/\/abn1.ch\/index.php\/wp-json\/wp\/v2\/pages\/1175\/revisions\/1415"}],"wp:featuredmedia":[{"embeddable":true,"href":"https:\/\/abn1.ch\/index.php\/wp-json\/wp\/v2\/media\/744"}],"wp:attachment":[{"href":"https:\/\/abn1.ch\/index.php\/wp-json\/wp\/v2\/media?parent=1175"}],"curies":[{"name":"wp","href":"https:\/\/api.w.org\/{rel}","templated":true}]}}